divided by 1221?
60
Calculate the remainder when 11462 is divided by 136.
38
What is the remainder when 302113 is divided by 91?
84
What is the remainder when 34888 is divided by 41?
38
Calculate the remainder when 41586 is divided by 756.
6
Calculate the remainder when 5395 is divided by 526.
135
What is the remainder when 453329 is divided by 135?
134
What is the remainder when 20345 is divided by 2904?
17
Calculate the remainder when 616 is divided by 250.
116
What is the remainder when 8629 is divided by 2875?
4
What is the remainder when 387685 is divided by 193839?
7
What is the remainder when 18830 is divided by 3597?
845
Calculate the remainder when 11923 is divided by 23.
9
Calculate the remainder when 233295 is divided by 116641.
13
What is the remainder when 283787 is divided by 357?
329
Calculate the remainder when 74950 is divided by 26.
18
What is the remainder when 184242 is divided by 92?
58
Calculate the remainder when 1383 is divided by 171.
15
Calculate the remainder when 280 is divided by 82.
34
Calculate the remainder when 1793 is divided by 610.
573
What is the remainder when 21830 is divided by 206?
200
What is the remainder when 40687 is divided by 5?
2
What is the remainder when 1274765 is divided by 424917?
14
Calculate the remainder when 19375 is divided by 53.
30
Calculate the remainder when 92901 is divided by 7741.
9
What is the remainder when 46817 is divided by 102?
101
What is the remainder when 733722 is divided by 675?
672
What is the remainder when 1624 is divided by 330?
304
What is the remainder when 3546 is divided by 3540?
6
Calculate the remainder when 100792 is divided by 14397.
13
Calculate the remainder when 12364 is divided by 12342.
22
What is the remainder when 63910 is divided by 12782?
0
Calculate the remainder when 13657 is divided by 18.
13
Calculate the remainder when 34042 is divided by 17015.
12
What is the remainder when 255538 is divided by 85172?
22
What is the remainder when 1875 is divided by 171?
165
Calculate the remainder when 16588 is divided by 465.
313
Calculate the remainder when 6357 is divided by 6347.
10
Calculate the remainder when 8656 is divided by 8640.
16
Calculate the remainder when 6211 is divided by 4024.
2187
Calculate the remainder when 1836 is divided by 486.
378
Calculate the remainder when 13481 is divided by 662.
241
What is the remainder when 24942 is divided by 695?
617
What is the remainder when 19049 is divided by 214?
3
Calculate the remainder when 4208 is divided by 337.
164
Calculate the remainder when 523 is divided by 67.
54
What is the remainder when 25633 is divided by 68?
65
What is the remainder when 198906 is divided by 9?
6
Calculate the remainder when 191910 is divided by 92.
90
What is the remainder when 143601 is divided by 30?
21
Calculate the remainder when 9395 is divided by 552.
11
Calculate the remainder when 187796 is divided by 15.
11
Calculate the remainder when 68137 is divided by 82.
77
Calculate the remainder when 194028 is divided by 490.
478
Calculate the remainder when 5054 is divided by 27.
5
What is the remainder when 6600 is divided by 132?
0
Calculate the remainder when 41901 is divided by 725.
576
Calculate the remainder when 564203 is divided by 139.
2
Calculate the remainder when 7807 is divided by 25.
7
What is the remainder when 4483997 is divided by 118?
115
What is the remainder when 607 is divided by 313?
294
What is the remainder when 847 is divided by 445?
402
Calculate the remainder when 947 is divided by 577.
370
Calculate the remainder when 548348 is divided by 144.
140
What is the remainder when 1040 is divided by 19?
14
Calculate the remainder when 235329 is divided by 233.
232
What is the remainder when 2468 is divided by 30?
8
Calculate the remainder when 1366256 is divided by 293.
290
What is the remainder when 23410 is divided by 7795?
25
What is the remainder when 14434 is divided by 14199?
235
What is the remainder when 16874 is divided by 30?
14
Calculate the remainder when 19511 is divided by 79.
77
What is the remainder when 6248 is divided by 23?
15
What is the remainder when 516906 is divided by 16674?
12
Calculate the remainder when 291869 is divided by 39.
32
Calculate the remainder when 3210 is divided by 922.
444
Calculate the remainder when 3519 is divided by 1113.
180
What is the remainder when 677 is divided by 31?
26
Calculate the remainder when 19387 is divided by 1938.
7
Calculate the remainder when 3524 is divided by 257.
183
Calculate the remainder when 14739 is divided by 152.
147
What is the remainder when 7884 is divided by 14?
2
Calculate the remainder when 10151 is divided by 1268.
7
Calculate the remainder when 890 is divided by 345.
200
Calculate the remainder when 15427 is divided by 281.
253
Calculate the remainder when 3591677 is divided by 993.
989
Calculate the remainder when 3391 is divided by 342.
313
Calculate the remainder when 3914 is divided by 481.
66
Calculate the remainder when 88350 is divided by 416.
158
What is the remainder when 20834 is divided by 707?
331
What is the remainder when 114052 is divided by 123?
31
Calculate the remainder when 2254 is divided by 18.
4
Calculate the remainder when 190143 is divided by 95066.
11
Calculate the remainder when 2853 is divided by 1423.
7
What is the remainder when 27740 is divided by 51?
47
Calculate the remainder when 8733 is divided by 336.
333
Calculate the remainder when 20804 is divided by 68.
64
What is the remainder when 2570 is divided by 2505?
65
Calculate the remainder when 23185 is divided by 75.
10
Calculate the remainder when 37252 is divided by 730.
22
What is the remainder when 27030 is divided by 2703?
0
Calculate the remainder when 12382 is divided by 85.
57
Calculate the remainder when 4187 is divided by 774.
317
Calculate the remainder when 1709 is divided by 250.
209
Calculate the remainder when 1709 is divided by 1704.
5
What is the remainder when 1717 is divided by 36?
25
What is the remainder when 31097 is divided by 2823?
44
What is the remainder when 283421 is divided by 284?
273
What is the remainder when 5761 is divided by 17?
15
What is the remainder when 3091 is divided by 34?
31
What is the remainder when 30767 is divided by 34?
31
Calculate the remainder when 158422 is divided by 26403.
4
What is the remainder when 13106 is divided by 1185?
71
What is the remainder when 30443 is divided by 30396?
47
What is the remainder when 1058 is divided by 170?
38
Calculate the remainder when 4465 is divided by 624.
97
What is the remainder when 796 is divided by 443?
353
What is the remainder when 640906 is divided by 228?
226
Calculate the remainder when 15648 is divided by 627.
600
What is the remainder when 38290 is divided by 63?
49
Calculate the remainder when 30704 is divided by 101.
0
What is the remainder when 9083 is divided by 58?
35
What is the remainder when 2218 is divided by 2212?
6
What is the remainder when 1773 is divided by 222?
219
What is the remainder when 49166 is divided by 734?
722
Calculate the remainder when 4884 is divided by 37.
0
What is the remainder when 6759 is divided by 7?
4
Calculate the remainder when 158311 is divided by 555.
136
What is the remainder when 5419 is divided by 82?
7
Calculate the remainder when 2769 is divided by 2315.
454
Calculate the remainder when 878 is divided by 336.
206
Calculate the remainder when 1001 is divided by 121.
33
What is the remainder when 8035 is divided by 7?
6
Calculate the remainder when 827393 is divided by 141.
5
Calculate the remainder when 732 is divided by 512.
220
Calculate the remainder when 1043876 is divided by 346.
340
Calculate the remainder when 18421 is divided by 172.
17
What is the remainder when 2603597 is divided by 163?
161
What is the remainder when 15229 is divided by 983?
484
Calculate the remainder when 55068 is divided by 510.
498
What is the remainder when 699551 is divided by 336?
335
Calculate the remainder when 17263 is divided by 85.
8
Calculate the remainder when 1989 is divided by 133.
127
What is the remainder when 122128 is divided by 177?
175
Calculate the remainder when 7716 is divided by 155.
121
What is the remainder when 27287 is divided by 425?
87
What is the remainder when 981743 is div